799 a composite number?
True
Is 11021837573 composite?
True
Is 8602626119 composite?
True
Is 119312909 prime?
True
Is 112239037 a prime number?
False
Is 6003950621 prime?
True
Is 29448837253 prime?
False
Is 665801159 composite?
False
Is 56360526577 a composite number?
False
Is 23262140947 prime?
True
Is 1366873237 a composite number?
True
Is 699803831 a composite number?
True
Is 2083875569 a prime number?
True
Is 17259197743 composite?
False
Is 29314738 a composite number?
True
Is 2368012033 a prime number?
False
Is 27251038649 prime?
False
Is 66879999253 prime?
False
Is 35601937801 a prime number?
True
Is 29250895585 prime?
False
Is 85216807 a prime number?
False
Is 1094117629 composite?
True
Is 3786937849 prime?
False
Is 50735396197 composite?
True
Is 1299705211 composite?
True
Is 47621464171 prime?
False
Is 100884229 a composite number?
False
Is 2191775557 prime?
False
Is 2538118997 prime?
True
Is 4124927621 prime?
True
Is 275831683 composite?
True
Is 470224021 a composite number?
True
Is 5355533879 a composite number?
False
Is 34627755319 composite?
True
Is 22534604843 a prime number?
True
Is 220669165 prime?
False
Is 5865706481 prime?
False
Is 17437189639 composite?
False
Is 5216697587 a composite number?
False
Is 34332195769 a composite number?
False
Is 879230041 a composite number?
False
Is 12931692829 a prime number?
False
Is 374229424033 composite?
False
Is 37748223881 a prime number?
True
Is 553852133 prime?
True
Is 80513620417 a prime number?
True
Is 543060589 a composite number?
True
Is 22280410679 a prime number?
True
Is 18580228229 composite?
True
Is 1645039607 a composite number?
True
Is 77433170887 composite?
True
Is 89396593541 composite?
False
Is 5925802433 a composite number?
False
Is 8670935617 a prime number?
True
Is 1930486817 prime?
False
Is 900348329 prime?
True
Is 1327544641 composite?
False
Is 130524956893 a composite number?
True
Is 1725041921 composite?
True
Is 2643272959 a prime number?
True
Is 12773102197 a prime number?
True
Is 13072434337 prime?
True
Is 38526244091 a composite number?
False
Is 36236713 prime?
True
Is 354380109 composite?
True
Is 141813719 prime?
False
Is 6942836077 a composite number?
False
Is 100209592621 composite?
True
Is 23586274897 a composite number?
False
Is 47052794923 composite?
False
Is 12648949349 composite?
False
Is 43346349071 prime?
True
Is 14395159 composite?
False
Is 1321449257 composite?
False
Is 59341983243 prime?
False
Is 1864069507 a prime number?
True
Is 48339828989 a prime number?
True
Is 20515370767 prime?
True
Is 1534760317 a composite number?
False
Is 561440857 a composite number?
True
Is 2461675343 prime?
True
Is 5456263273 composite?
True
Is 13226474021 composite?
True
Is 256953091 a composite number?
False
Is 2612792059 a prime number?
False
Is 167868023 composite?
False
Is 163486176439 a prime number?
True
Is 471575959 a composite number?
True
Is 698391269 a composite number?
False
Is 22474827641 prime?
False
Is 64386271 a composite number?
True
Is 52519769 a prime number?
True
Is 291087131 a composite number?
True
Is 3320500619 composite?
False
Is 20127117849 a composite number?
True
Is 308705477 prime?
True
Is 15108809173 prime?
True
Is 24065870479 a composite number?
True
Is 1038359419 prime?
True
Is 63226489511 prime?
False
Is 204770413 composite?
True
Is 21721205411 a prime number?
True
Is 3479647879 composite?
True
Is 279950636657 a composite number?
True
Is 242799006253 prime?
True
Is 5335575551 a composite number?
True
Is 968792299 composite?
True
Is 2864185637 composite?
False
Is 5005454185 composite?
True
Is 62318953 a composite number?
True
Is 15273780017 a prime number?
False
Is 1982654213 a composite number?
True
Is 23708750365 prime?
False
Is 11528045381 prime?
True
Is 50988359 composite?
True
Is 20649589321 prime?
True
Is 19019719 composite?
True
Is 63514499689 prime?
True
Is 19156018837 composite?
False
Is 440338937 prime?
True
Is 929321689 composite?
True
Is 21232684337 prime?
True
Is 569069941 prime?
False
Is 1630870679 prime?
False
Is 691719391 a prime number?
False
Is 9654494807 prime?
True
Is 24851608159 prime?
False
Is 122933918 composite?
True
Is 16554387107 prime?
True
Is 28248012467 composite?
False
Is 5678995559 a prime number?
True
Is 99141773869 prime?
True
Is 84530878687 prime?
True
Is 11721633757 prime?
True
Is 735798977 a composite number?
False
Is 227743163 prime?
True
Is 13735484643 prime?
False
Is 231633671 a composite number?
True
Is 27168122 prime?
False
Is 415390717 prime?
False
Is 2808717865 composite?
True
Is 22619929 a composite number?
False
Is 9666308723 prime?
True
Is 2106249683 prime?
False
Is 4321487911 composite?
True
Is 31291178077 a composite number?
False
Is 670604413 prime?
False
Is 1912274131 composite?
False
Is 150433119743 a composite number?
True
Is 12089985277 prime?
True
Is 771124951 composite?
False
Is 4863391271 prime?
True
Is 2831866073 a composite number?
True
Is 73841468171 a prime number?
True
Is 1559710681 a composite number?
False
Is 877129217 a composite number?
False
Is 28808899045 composite?
True
Is 12797312986 a composite number?
True
Is 314694531685 a composite number?
True
Is 1172355341 a composite number?
False
Is 1305211129 a prime number?
False
Is 3444972997 a prime number?
True
Is 22530727 composite?
False
Is 572499402187 a composite number?
False
Is 1641170098 a prime number?
False
Is 446446411 a composite number?
True
Is 5041786823 composite?
True
Is 143482916501 composite?
True
Is 59063401337 prime?
False
Is 16596159623 prime?
False
Is 15103686671 a composite number?
False
Is 188247209 a prime number?
True
Is 351464279 a prime number?
False
Is 1023912163 a prime number?
True
Is 4108895423 prime?
False
Is 476768659 a prime number?
False
Is 4872473239 composite?
False
Is 13597341763 a prime number?
True
Is 19962637159 composite?
True
Is 17140134457 a prime number?
True
Is 7387352611 prime?
False
Is 10506667727 a composite number?
False
Is 108489061 prime?
True
Is 8216557 composite?
False
Is 19086583211 a prime number?
False
Is 29952451183 composite?
True
Is 5606476693 a prime number?
True
Is 34328893771 prime?
True
Is 43727681 a composite number?
True
Is 369524539 a composite number?
False
Is 3319393711 a composite number?
False
Is 476389547 prime?
False
Is 1995532429 composite?
True
Is 5913751517 a prime number?
False
Is 127224328823 a composite number?
False
Is 3611470139 a prime number?
True
Is 29483431979 composite?
True
Is 7374266399 a composite number?
False
Is 18817763477 a composite number?
False
Is 378180083 a composite number?
False
Is 3074935937 prime?
True
Is 146531933 a prime number?
False
Is 413833933 a prime number?
False
Is 487650859 a prime number?
True
Is 13425118727 a composite number?
True
Is 32559155263 prime?
False
Is 2370926681 prime?
True
Is 4694428373 a prime number?
False
Is 12728300665 prime?
False
Is 7498935733 prime?
True
Is 137432819 prime?
True
Is 85212793 prime?
True
Is 284455981 a prime number?
True
Is 3747311167 a prime number?
True
Is 24755976031 a composite number?
True
Is 3048851161 a prime number?
False
Is 636842231 a composite number?
False
Is 1750047287 composite?
True
Is 36740123537 a composite number?
True
Is 1313711981 composite?
False
Is 4274273677 composite?
False
Is 40068407051 a composite number?
True
Is 1090910021 a composite number?
True
Is 3345745159 a composite number?
False
Is 29180087611 prime?
True
Is 21078265907 a composite number?
True
Is 863186263 a composite number?
True
Is 1078385323 a prime number?
True
Is 2738510123 a prime number?
True
Is 56967143 a prime number?
False
Is 5372177543 prime?
False
Is 4531522741 composite?
False
Is 79520993367 composite?
True
Is 383476661 prime?
True
Is 103106052815 composite?
True
Is 3335552879 a prime number?
True
Is 9174161203 a prime number?
True
Is 43842813721 a composite number?
True
Is 31171760989 a composite number?
True
Is 2667985939 prime?
True
Is 447932651 prime?
True
Is 2008984357 composite?
True
Is 105975023341 composite?
True
Is 48157376153 a composite number?
True
Is 61669667 prime?
True
Is 4346533297 composite?
False
Is 7724196073 composite?
True
Is 715370749 composite?
True
Is 20813975879 a prime number?
False
Is 1971943159 prime?
True
Is 12404275127 a prime number?
True
Is 209703